e units digit of b?
0
Suppose -5*k = -2*j - 2192, 4*k - j - 1753 = -0*j. What is the tens digit of k?
3
Suppose 3*j - 5*j + 41 = 5*g, 3*g + 5*j - 36 = 0. What is the units digit of ((-224)/(-7) - g)/((-2)/(-12))?
0
What is the units digit of ((-168)/(-35))/(-8) - (-908)/5?
1
Let c(j) = 3*j + 65. Let r be c(-25). What is the units digit of (-2546)/r - (-18)/45?
5
Let v = -58 + 35. Let s = v - -24. What is the units digit of s?
1
Let v be ((-54)/(-45))/(2/60). Suppose o - x - v = 4, 3*x = -2*o + 100. What is the tens digit of o?
4
Suppose -3*b + 6*b + 285 = 0. Let d = b - -156. What is the units digit of d?
1
Let m = -14 + 45. Suppose 0 = -m*f + 30*f + 56. What is the units digit of f?
6
Let v(q) = -5*q + 127. What is the units digit of v(-38)?
7
Let w(i) = 115*i**2 + 12*i + 14. What is the tens digit of w(-2)?
5
Let y(w) = w + 3. Let c be y(0). Let k(d) = 5*d**2 - 4*d. Let j be k(c). Let s = j + 0. What is the tens digit of s?
3
Suppose w + 1647 = 4*i, 3*i + w = 5*w + 1219. What is the units digit of i?
3
Let h(x) = x**3 - 6*x**2 + 6*x - 6. Let d be h(5). Let t(c) = 3 + 11*c**2 + 2*c + 1 - 3. What is the units digit of t(d)?
0
What is the tens digit of (85/(-34))/5 - (-902)/4?
2
Let c = -22 + 16. Let w = 11 + c. Suppose -w*o = 25, o = -3*z + 4 + 18. What is the units digit of z?
9
Suppose -6 = -6*y + 4*y. Let h = y + -3. Suppose -2*a = h, 2*o = 6*o + 4*a - 76. What is the units digit of o?
9
Suppose 13*b = 125*b - 259168. What is the hundreds digit of b?
3
Let o = 1180 - 658. Suppose -10*t = -16*t + o. What is the units digit of t?
7
Let u = 49 - 35. Let f = 16 - u. Suppose k - f*k + 4*c + 2 = 0, 0 = c. What is the units digit of k?
2
Let j(f) = -f**3 - f**2 + 3*f + 1. Let g be j(-2). Let m = -5 - g. What is the units digit of 1/(m/(-112)*4)?
7
Let k(j) = -9*j - 7. Suppose 4*l = -33 + 9. What is the units digit of k(l)?
7
Suppose 7167 = 14*p - 36891. What is the units digit of p?
7
Let g(n) = 2*n**2 + 4*n + 1. Let o be g(-3). Suppose -z = -2*v - 4 - o, -v + 32 = 2*z. What is the units digit of z?
5
Suppose -2*r = -3 - 5. Suppose v = -v - r. What is the units digit of (-1730)/(-70) - v/7?
5
Suppose -3*u = -12, -5*g + 5*u + 4880 = -0*g. What is the tens digit of g?
8
Let v = -808 - -940. What is the tens digit of v?
3
Let x = -5 + 6. Let y = 21 + -18. What is the tens digit of y - ((-18 - x) + 3)?
1
What is the tens digit of 1804/12*27/9?
5
Let w(n) = n**2 + 28*n - 25. What is the tens digit of w(12)?
5
Let p be -18*6/12 + (1 - 1). What is the tens digit of 331/3 + 3/p?
1
What is the units digit of -5 + (52 + 1 - -3)?
1
Let b = 271 - 214. What is the units digit of b?
7
Let o = -69 - -37. Let t = o + 87. What is the tens digit of t?
5
Let a = 504 - -468. What is the hundreds digit of a?
9
Let k(n) = 21*n - 1. Let o be k(1). Suppose -b + 24 = -o. What is the units digit of b?
4
Suppose 0 = k - c - 2, 4*k + 10 + 2 = -c. Let u = 2 - k. Suppose 5*b + 3*f = 159, 5*b + 3*f - 167 = u*f. What is the tens digit of b?
3
Let x be (-2)/(-15) - -5*4/(-150). Let t be ((-2)/4)/(1/(-12)). Suppose t*i - i - q - 113 = x, 4*i - 96 = -2*q. What is the tens digit of i?
2
Let i = -7 - -19. Let d = i + -1. Suppose 0 = -4*x - d + 63. What is the tens digit of x?
1
Let b = -5 + 8. Suppose 6*l = b*l + 12. Suppose n + l*y = 51 + 4, -4*n + 125 = -3*y. What is the units digit of n?
5
Let i(d) = -15*d + 11. What is the hundreds digit of i(-34)?
5
Suppose -27 = -j + 3*d, 5*d = 3*d - 8. Suppose -r + 9 = 2*n + 3*n, -2*n + j = r. What is the units digit of r?
9
Suppose 4*d = 5*d - 57. Let h = -102 + d. What is the units digit of 3 - 1 - (-3 + h)?
0
Let j(a) = 21*a**3 + a**2 - a - 1. Let o = 22 - 23. Let y be j(o). What is the units digit of (-3)/((-30)/(-4))*y?
8
Suppose 15*g = 15831 + 7314. What is the thousands digit of g?
1
Suppose 13*z - 12646 = -1583. What is the tens digit of z?
5
Let u(s) = 17 + 2 + 2*s - 3. Let r be u(-8). Suppose x + r*v - 41 = -3*v, 4*v = 3*x - 110. What is the tens digit of x?
3
Suppose 0 = 4*h - 2*h + 4*q - 280, 3*h = 4*q + 420. Suppose h = 4*z + 2*x, 178 = 7*z - 2*z + x. What is the tens digit of z?
3
Let o(m) = m**3 - 4*m**2 + 36*m + 7. What is the hundreds digit of o(7)?
4
What is the thousands digit of (54/(-81))/(8/(-27780))?
2
Let d(a) = -2*a**2 - 3*a - 2. Let r be (-24)/(-32) + (-11)/4. Let g be d(r). What is the units digit of 55*1/g*-4?
5
Let n = 60 + -84. Let x = 37 + n. What is the tens digit of x?
1
Let s be (0 + 34)/(0 + (-4)/(-8)). Suppose 134 = -66*i + s*i. What is the tens digit of i?
6
Let s be ((-11)/2)/((-13)/754). Suppose -4*d + 101 = -s. Suppose -q = 2*q + 3*r - d, 2*q = 5*r + 70. What is the tens digit of q?
3
Let x(v) = 3*v**2 - 4*v + 24. Let g be x(8). Let q = g + -4. What is the units digit of q?
0
Suppose 2*t + 8 = 0, t + 4085 = 5*j - 1759. What is the units digit of j?
8
Let t(k) = -2*k - 9. Let l = -19 + 12. Let g be t(l). Suppose -43 = -c + g*i, 0 = 2*c - i + 4*i - 73. What is the units digit of c?
8
Let w = 112 + -68. Suppose 0 = 4*n + 80 + w. Let k = n + 51. What is the units digit of k?
0
Let a(p) = 17*p**2 + 2*p - 1. Suppose 0 = f - 2 - 0. What is the tens digit of a(f)?
7
Suppose -3*w + 23 = -1. Suppose 2*x + w*r - 4*r - 24 = 0, -4*r - 96 = -4*x. Let p = x + -12. What is the units digit of p?
8
Let s(t) = -2*t**2 + t - 4. Let i be s(2). Let l = i - -57. What is the tens digit of l?
4
What is the units digit of (1200/375)/((0 + -1)/(-80))?
6
Let d(z) = z**2 + z - 30. Let y be d(5). Suppose -v + 7 + 3 = y. What is the tens digit of v?
1
Suppose 173 = 3*z + z + o, 2*z = 2*o + 84. Let i = z + -33. What is the units digit of i?
0
Suppose 7*x = 9*x - 8. Suppose h - 29 = 2*y, 106 = x*h + y - 4*y. What is the tens digit of h?
2
Let s be (-5925)/(-50) + 1/(-2). Let v = s + -88. What is the units digit of v?
0
Let t(s) = -2*s - 43. Let h be t(-24). Suppose -635 = -h*z - 0*z. What is the tens digit of z?
2
Let p(q) = 2*q**3 - 13 - 49*q - 13*q**2 - q**3 + 65*q. What is the tens digit of p(12)?
3
What is the units digit of 6/(-1) - ((-48 - 4) + -5)?
1
Let d be (-302)/5 - 4/(-10). Let o be (2/4)/(13/2288). Let h = o + d. What is the tens digit of h?
2
Let p(i) = i**2 - 18*i - 77. What is the tens digit of p(-23)?
6
Suppose -5*o = 0, 5*o - 8 + 116 = -4*x. Let f = 58 + x. What is the units digit of f?
1
Let i = -15 + 18. Suppose 3*c - 3 = 4*d, c - 11 = -i*d + 3. Suppose -16 = -d*k + 26. What is the units digit of k?
4
Let j = -21 + 45. Let l = j - 32. What is the units digit of 46 - (l - -4)/(-1)?
2
Let i = 990 + 1341. Suppose -14*t + i = -5*t. What is the hundreds digit of t?
2
Let b be 26/16*2 - 1/4. Suppose -2*z - c = -69 + 8, b*c - 38 = -z. What is the units digit of z?
9
Let a(d) = 12*d**2 + 2*d - 1. Let q be a(-2). What is the units digit of ((-15)/(-5) + 1)*q?
2
Suppose -3*k - 1 + 31 = 5*a, k = 0. What is the tens digit of (-8)/(-24) - (-406)/a?
6
Suppose -3*q = -2*g + 7*g - 19, 5*q = -g + 17. Suppose 2*x - 131 = -5*o, -3*x - g*o + 169 + 22 = 0. What is the tens digit of x?
6
Let j(m) = -4*m**3 + 12*m**2 + 22*m - 17. What is the tens digit of j(-5)?
7
Suppose 2*f = -3*d - 2*f + 4427, 0 = -5*d - 3*f + 7393. What is the tens digit of d?
8
Let l be 4/10 + (-363)/(-55). Let t be 19/l + (-2)/(-7). What is the units digit of (1/t)/(2/54)?
9
Suppose 2*x + 186 = 5*x. Let i be (-9)/36 + 17/4. Suppose 4*c = -i, 5*v - x = -3*c + 20. What is the units digit of v?
7
What is the hundreds digit of (-83296)/(-192) - (-10)/(-12)?
4
Suppose 0 = -3*h - 3*j + 18, -2*j = 4*h - 16 - 0. Let b be (-21)/(-6) - h/(-4). Suppose -a + 2 = -v + 3, -3*v + 10 = b*a. What is the units digit of v?
2
Let f = -24 + 22. Let m(g) = -3*g**3 - 3*g**2 - 4*g - 3. What is the units digit of m(f)?
7
Let s = -5929 - -8727. What is the tens digit of s?
9
Let h = 5 - 4. Let d be ((-12)/15)/(h/(-5)). Suppose 3*n - 30 = 4*a, d*n = 2*n + 4*a + 20. What is the tens digit of n?
1
Let c = 163 - -4. Let z(d) = -3*d**3 - d**2 - d - 2. Let l be z(-2). What is the units digit of c/5 - l/50?
3
Let b = 5 + -11. What is the units digit of (-272)/b + 13/(-39)?
5
Let a be (-63)/21 - 2*-17. Let u = a - 16. What is the units digit of u?
5
What is the hundreds digit of 5 - 7 - -294 - 6?
2
Let m(j) be the first derivative of 19/2*j**2 - 1/3*j**3 - 7*j + 1. What is the tens digit of m(17